isor of 16 and 4544?
16
What is the highest common factor of 4697 and 308?
77
Calculate the highest common factor of 49 and 4361.
49
Calculate the highest common factor of 119 and 17.
17
Calculate the highest common factor of 2346 and 289.
17
What is the highest common divisor of 336 and 294?
42
Calculate the highest common divisor of 3620 and 60.
20
What is the highest common factor of 329 and 2209?
47
What is the highest common divisor of 483 and 69?
69
What is the greatest common divisor of 100 and 29550?
50
What is the highest common factor of 6 and 16?
2
Calculate the highest common divisor of 10 and 4120.
10
What is the highest common factor of 1344 and 98?
14
Calculate the highest common divisor of 71 and 4.
1
Calculate the highest common divisor of 60 and 30.
30
Calculate the greatest common divisor of 21 and 28.
7
Calculate the greatest common factor of 231 and 1221.
33
Calculate the highest common factor of 315 and 75915.
315
What is the highest common divisor of 22 and 451?
11
What is the highest common factor of 476 and 1148?
28
Calculate the highest common divisor of 188 and 423.
47
Calculate the highest common factor of 2256 and 235.
47
What is the greatest common factor of 51 and 85?
17
Calculate the greatest common divisor of 20 and 980.
20
What is the greatest common divisor of 74 and 12802?
74
Calculate the highest common factor of 4114 and 17.
17
What is the greatest common factor of 3276 and 378?
126
What is the highest common divisor of 4867 and 1256?
157
Calculate the highest common divisor of 544 and 17.
17
What is the greatest common divisor of 6 and 372?
6
Calculate the greatest common factor of 198 and 52074.
198
What is the highest common divisor of 44 and 550?
22
Calculate the highest common factor of 28 and 98.
14
Calculate the greatest common factor of 1250 and 10.
10
What is the highest common divisor of 784 and 588?
196
Calculate the highest common divisor of 5548 and 5256.
292
What is the highest common factor of 75 and 165?
15
What is the highest common factor of 145 and 261?
29
What is the greatest common divisor of 48 and 1840?
16
What is the highest common factor of 7300 and 20?
20
What is the highest common divisor of 2155 and 15?
5
What is the highest common factor of 30 and 570?
30
Calculate the greatest common factor of 88 and 594.
22
What is the highest common factor of 46 and 26841?
23
What is the greatest common factor of 374 and 22?
22
What is the greatest common divisor of 11 and 3399?
11
Calculate the highest common divisor of 46 and 1656.
46
Calculate the greatest common factor of 3627 and 13.
13
What is the highest common factor of 732 and 12?
12
Calculate the highest common factor of 32 and 144.
16
What is the highest common divisor of 640 and 2048?
128
Calculate the greatest common divisor of 531 and 118.
59
Calculate the highest common factor of 144 and 120.
24
Calculate the highest common divisor of 4958 and 296.
74
What is the highest common factor of 19395 and 45?
45
What is the greatest common factor of 1224 and 576?
72
What is the highest common factor of 8 and 60472?
8
Calculate the greatest common factor of 816 and 17.
17
What is the highest common factor of 12 and 204?
12
Calculate the greatest common divisor of 123 and 451.
41
What is the greatest common factor of 7 and 1099?
7
Calculate the greatest common factor of 5478 and 231.
33
What is the highest common divisor of 154 and 476?
14
Calculate the greatest common divisor of 174 and 3.
3
What is the greatest common factor of 34 and 7667?
17
What is the greatest common factor of 21 and 777?
21
What is the greatest common factor of 494 and 95?
19
Calculate the greatest common divisor of 20 and 1755.
5
Calculate the highest common divisor of 120 and 160.
40
Calculate the greatest common divisor of 3721 and 2623.
61
What is the greatest common divisor of 58551 and 29?
29
What is the highest common factor of 34 and 1071?
17
What is the highest common divisor of 6 and 3312?
6
Calculate the greatest common divisor of 70 and 890.
10
Calculate the highest common factor of 47982 and 132.
66
Calculate the greatest common factor of 23393 and 298.
149
Calculate the greatest common divisor of 442 and 338.
26
What is the highest common factor of 3395 and 140?
35
What is the greatest common factor of 21 and 854?
7
Calculate the highest common factor of 168 and 602.
14
Calculate the greatest common factor of 8950 and 50.
50
What is the highest common divisor of 10 and 13415?
5
Calculate the greatest common divisor of 122 and 23912.
122
Calculate the highest common divisor of 27 and 18.
9
What is the highest common divisor of 90 and 17370?
90
What is the highest common divisor of 483 and 138?
69
What is the highest common factor of 159 and 583?
53
Calculate the greatest common divisor of 3 and 43.
1
Calculate the greatest common divisor of 468 and 48.
12
Calculate the greatest common divisor of 135 and 345.
15
What is the highest common factor of 4728 and 24?
24
What is the highest common factor of 14 and 350?
14
What is the greatest common divisor of 385 and 22?
11
What is the highest common factor of 8 and 776?
8
Calculate the highest common divisor of 1222 and 78.
26
Calculate the highest common factor of 232 and 8.
8
Calculate the highest common divisor of 760 and 57.
19
What is the highest common divisor of 559 and 39?
13
What is the highest common factor of 53 and 1537?
53
What is the greatest common divisor of 48846 and 42?
42
What is the greatest common divisor of 513 and 418?
19
Calculate the highest common divisor of 106 and 6784.
106
Calculate the highest common factor of 275 and 77.
11
Calculate the highest common factor of 102 and 170.
34
Calculate the greatest common factor of 140 and 805.
35
Calculate the greatest common factor of 26 and 234.
26
Calculate the greatest common divisor of 325 and 481.
13
What is the highest common factor of 1148 and 154?
14
What is the greatest common factor of 2 and 725?
1
What is the highest common divisor of 7 and 224?
7
What is the highest common divisor of 14 and 322?
14
What is the highest common factor of 1836 and 297?
27
What is the highest common divisor of 1914 and 286?
22
What is the highest common divisor of 2676 and 48?
12
What is the greatest common divisor of 1911 and 21?
21
Calculate the greatest common divisor of 36 and 198.
18
Calculate the highest common divisor of 32 and 3744.
32
Calculate the highest common divisor of 312 and 429.
39
Calculate the highest common divisor of 9 and 669.
3
What is the greatest common divisor of 110 and 1144?
22
What is the highest common factor of 186 and 12462?
186
Calculate the greatest common factor of 15 and 35.
5
What is the highest common divisor of 14 and 1967?
7
Calculate the highest common factor of 99 and 5247.
99
Calculate the highest common factor of 20145 and 30.
15
What is the highest common divisor of 2501 and 549?
61
What is the highest common factor of 12 and 56?
4
What is the highest common divisor of 316 and 356?
4
Calculate the greatest common factor of 143 and 2223.
13
Calculate the greatest common factor of 8 and 872.
8
What is the highest common divisor of 261 and 435?
87
What is the highest common factor of 801 and 178?
89
Calculate the greatest common factor of 1050 and 150.
150
What is the highest common divisor of 75 and 315?
15
Calculate the highest common divisor of 152 and 28.
4
What is the greatest common factor of 1207 and 213?
71
Calculate the highest common factor of 15 and 19785.
15
What is the highest common divisor of 131 and 3?
1
Calculate the greatest common divisor of 2892 and 60.
12
What is the highest common divisor of 273 and 3458?
91
What is the greatest common divisor of 546 and 42?
42
Calculate the highest common factor of 88 and 280.
8
What is the greatest common divisor of 7597 and 71?
71
What is the greatest common divisor of 66 and 44?
22
Calculate the highest common divisor of 88 and 11.
11
What is the highest common divisor of 660 and 60?
60
What is the greatest common factor of 854 and 1274?
14
Calculate the greatest common divisor of 24 and 9.
3
What is the greatest common divisor of 104 and 10738?
26
What is the highest common divisor of 100 and 7180?
20
Calculate the greatest common factor of 1